17 + 303 = y. Let n = a - -131. What is the units digit of n?
7
Let b(k) = 1083*k**3 - 2*k**2 + 17*k - 8. What is the ten thousands digit of b(3)?
2
Let h(g) = -g**3 + 2*g + 2*g**2 - 2 - 3*g**2 + 3*g**2. Let t be h(2). Suppose 4*u = 7*m - 4*m - 199, 0 = 2*m + t*u - 128. What is the units digit of m?
5
What is the thousands digit of 162169/11 - (-27 + 5860/220)?
4
Let j(f) = 4*f - 18. Let c be j(5). Suppose t + c*t + 9 = 0, 2*t = -p + 2. What is the tens digit of ((-1084)/p)/((-1)/2)?
7
Let m(p) = -p**3 + 24*p**2 - 26*p + 49. What is the hundreds digit of m(20)?
1
Let t(f) = 8*f**2 - 2*f - 3070. What is the thousands digit of t(-59)?
4
Suppose -263*r = -26*r - 8916888. What is the hundreds digit of r?
6
Let a = 2880 - 1518. Let s = -891 + a. What is the hundreds digit of s?
4
Let t(d) = -d**3 - 16*d**2 + 14*d - 17. Let i be t(-17). Let f = 37 - i. What is the hundreds digit of -3 + 21/f - -116?
1
Suppose 1782694 + 3692817 = 73*p. What is the units digit of p?
7
Let c(m) be the second derivative of -m**3/2 + m**2 + 24*m. Let p be c(-1). Suppose 0*b - 404 = -p*w + 4*b, 5*w + 5*b - 395 = 0. What is the units digit of w?
0
Suppose -130*q - 41215 = -135*q. What is the units digit of q?
3
Let a be (-3*10 - 3) + 2. Let r be -9 + a - -3*1. Let w = r + 105. What is the units digit of w?
8
Suppose 683*r - 691*r = -27648. Let v = -2080 + r. What is the tens digit of v?
7
Suppose p + 939 = -3*x - 4*p, -4*p - 12 = 0. Let c = x - -437. What is the tens digit of c?
2
Let z(h) = 2*h - 6. Let x be z(3). Let c be (x + -3)*(-55)/33. Suppose -c*j = -4*m + m - 208, -5*m - 156 = -4*j. What is the units digit of j?
4
Suppose 10*w + 516 = -3*p + 13*w, 4*p = -4*w - 696. Let o = p + 321. What is the units digit of o?
8
Suppose 0 = 5*f - 65 - 95. Let d = f - 28. What is the tens digit of (-15)/(-1 - d) + 55?
5
Let y(z) = -z**2 - 10*z - 29. Let g be y(-11). Let u = -213 - -141. Let p = g - u. What is the tens digit of p?
3
Suppose 35*a - 130 = 40*a. Let o = -7 + 97. Let p = a + o. What is the tens digit of p?
6
Let k(v) = 114*v**2 - 96*v + 497. What is the hundreds digit of k(24)?
8
Suppose -13 = -2*a - 11. Let n be 0/(-13) + a + 1. Suppose -2*l + n*x - x + 199 = 0, 0 = l + 4*x - 122. What is the units digit of l?
2
Let y(z) = 54118*z + 136. Let f be y(6). What is the tens digit of 4/22 - f/(-286)?
3
Let l = -26605 + 55221. What is the tens digit of l?
1
Let m(z) = -z**2 + 32 + 27 - 49*z + 20. What is the hundreds digit of m(-32)?
6
Let x be (4 + -8)/((-4)/3). Let k(t) = 7*t**2 - t**3 - 5*t**2 + 2*t**3 - 6*t + 13 + t**x. What is the tens digit of k(4)?
4
Let c = 10 - 6. Suppose -8 = 4*o - 4*f, -c*f + 23 + 6 = 3*o. Suppose 5*a = o*q - 356, -291 - 61 = -3*q + 4*a. What is the units digit of q?
2
Let h(i) = 30*i - 5. Let f(d) = d. Let s(b) = 12*f(b) - 3*h(b). What is the units digit of s(-11)?
3
Let n = -23876 + 56861. What is the ten thousands digit of n?
3
What is the ten thousands digit of 1143535/45 + (-79)/(-711)?
2
Suppose -168 = l + 5*d, 6*l = 5*l + d - 198. Let k = -173 - l. What is the units digit of k?
0
Suppose -164*f + 170*f = -3600. Let b = -1 - f. What is the hundreds digit of b?
5
Let y(f) = -53*f**3 - 2*f**2 - 2*f + 4. Let i be y(-2). Let g = -255 + i. What is the units digit of g?
9
Let j(a) = a**3 + 88*a**2 + 231*a + 688. What is the ten thousands digit of j(-71)?
6
Let s = 142382 + -97217. What is the hundreds digit of s?
1
Suppose -6*z + 60 = 14*z. Suppose 4*a - 5*c - 112 = 2227, 0 = -z*a + 3*c + 1755. What is the hundreds digit of a?
5
Suppose 10*h + 2 = -38. What is the units digit of (-266)/3*(-30)/(-20)*h?
2
Let c = 43 - 42. What is the hundreds digit of (2 - c)/((-22)/(-21978))?
9
Let c(z) = z**3 + 6*z**2 - z - 3. Let f be (-7 - -9)/((-2)/6). Let u be c(f). Suppose u*x + 4*t - 64 = 0, 5*t + 27 - 95 = -3*x. What is the tens digit of x?
1
Suppose -2*x + 6*x - 4 = 0. Suppose f - 2*f = 3*s + 11, -2*s = -f - x. What is the units digit of 227 + s/(7/2 + -4)?
1
Let d(a) = 3 - 15*a**2 + 4*a + a**3 + 17*a**2 + 0. Let p be d(-4). Let r = p - -77. What is the tens digit of r?
3
Suppose -1061952 + 62304 = -162*j + 6*j. What is the units digit of j?
8
Suppose -151*f + 152*f = -5. Let i(c) = -59*c - 77. What is the hundreds digit of i(f)?
2
What is the tens digit of 0 + 19 + (-144144)/(-66)?
0
Let o(j) = 27*j**2 - 214*j + 1094. What is the units digit of o(5)?
9
Let b = 1557 + -370. Suppose 2*g - 3995 = -b. What is the tens digit of g?
0
Let m = 2382 - 959. What is the tens digit of m?
2
Let j be (-654)/(-14) + 8/28. Let q = j + -52. What is the hundreds digit of ((-29)/(-3))/(q/(-90)) - -4?
1
Suppose 7 = 2*d + 1. Suppose 4*h - 2*i - 710 = 0, -d*h - 2*i + 188 + 341 = 0. Suppose 3*v - 99 = h. What is the units digit of v?
2
Let s = -123 + 168. Suppose -n + 49 = l, -4*l - s = -5*l + n. Let h = l - 7. What is the units digit of h?
0
What is the ten thousands digit of ((-2920)/(-60) + -52)/((-1)/4854)?
1
Let s = 18 - 15. Suppose y + s*m - 28 = 68, 410 = 5*y + m. Suppose -8*k = y - 401. What is the units digit of k?
0
Suppose 0 = -2*u - 4*k, 5*u + 18 = -4*k - 0*k. What is the hundreds digit of ((-453)/(-2))/(u/(-8) + 0)?
3
Suppose -22*c + 101 = -9. Suppose -1060 = -c*u + 340. What is the tens digit of u?
8
Suppose -y - 4*r - 1529 = 0, -2*y - 364 - 2642 = -5*r. Let s = -295 - y. What is the tens digit of s?
1
Suppose 8*g - 35200 = 36983 + 7041. What is the units digit of g?
3
Let w = -152 - -155. Suppose -334 - 623 = -w*q. What is the units digit of q?
9
Let r(o) be the third derivative of o**4/6 + 143*o**3/3 - 194*o**2. What is the units digit of r(46)?
0
Let b = -4433 - -2514. Let s = b - -3722. What is the thousands digit of s?
1
Let a(t) = 3294*t - 550. What is the hundreds digit of a(4)?
6
Let r(b) = b**3 - 12*b**2 + 9*b + 27. Let p be r(11). Suppose -4*g - 5*l = 6, 0 = -p*g + 4*g + 5*l + 11. Suppose -k + 55 = g. What is the tens digit of k?
5
Let m = 37 + -272. Let r(u) = -202*u + 19. Let y be r(2). Let b = m - y. What is the units digit of b?
0
Let l = 12942 - 3042. What is the tens digit of l?
0
Suppose 0 = 10*f - 7248 - 296912. What is the ten thousands digit of f?
3
Let f = -3862 + 7317. What is the units digit of f?
5
Let s = -29030 + 41726. What is the thousands digit of s?
2
Let g = -260 + 184. Let r = g + 55. Let x = r + 72. What is the tens digit of x?
5
Suppose 12*h - 72162 = 558. What is the tens digit of h?
6
Let j(c) = 37*c + 3. Let w be j(-14). Let s = w + 1016. What is the units digit of s?
1
Let f(y) = -10*y - 28. Let n(p) = -p**3 + 15*p**2 + p - 10. Let b be n(15). Suppose -b*m = -3*m + 24. What is the tens digit of f(m)?
9
Suppose 4*o - 2*o + 54 = 0. Let c be ((-288)/o)/(2/3). What is the units digit of 368/c + (4 - 0)?
7
Let x be 6810*(-25)/(-60)*2. Suppose 3*b - 4565 = -4*t + 2*b, 5*b = 5*t - x. What is the tens digit of t?
4
Let f(y) = -y**3 + 21*y**2 + 15*y - 11. Let l(h) = 3*h**2 + 1. Let t(r) = -f(r) + 4*l(r). Let v be 6/21 + 75/7. What is the units digit of t(v)?
2
Suppose 12*z + 20*z = -1545984. What is the thousands digit of ((-4)/6)/(24/z)?
1
Let z(r) = 2073*r - 1517. What is the units digit of z(23)?
2
Let q(b) = 122*b + 15. Let l(d) = 61*d + 7. Let r(o) = 5*l(o) - 3*q(o). What is the hundreds digit of r(-4)?
2
Let m = 126 - 110. Suppose 2*l = -s + 19, -14*s + m*s = -l + 8. What is the units digit of l?
0
Let x = 33789 - 16249. What is the thousands digit of x?
7
What is the tens digit of (-22 + 21)/(1/(-8423))?
2
Suppose -4*f + 1792 = 3*f. Suppose -6*o + f = -2*o. Suppose -o - 128 = -2*d. What is the units digit of d?
6
Suppose 566478 + 353384 = 37*l - 176411. What is the thousands digit of l?
9
Suppose -32 = -3*a + 2*x, -10*a - 32 = -12*a - 4*x. Suppose -3*b - 12474 = -a*b. What is the hundreds digit of b?
3
Suppose h + 80 = 5*h. What is the units digit of (16/h)/(1608/(-805) - -2)?
2
Suppose -4*a = -5*r - 4276, 1696 = 2*a + 4*r - 468. What is the hundreds digit of a?
0
What is the thousands digit of ((-19114)/57)/(6 + 92/(-15))?
2
Suppose 3*x - 12 = -h, 3*x + 3*h = -x + 16. Suppose -x*u + 363 + 21 = 0. Suppose -5*s + 996 - u = 0. What is the tens digit of s?
8
Suppose -20*o - 4160 = -150*o. Suppose 0 = p - 3. Let m = o + p. What is the tens digit of m?
3
Let d be ((-10)/5)/(((-16)/6)/4). Suppose 4*a - 6*a = 4*s - 6, d*s - 7 = a